?
8
Suppose 3*v = 4*f + 16, 5*v + 5*f - 8 = 7. Suppose 0 = -2*k - v*r + 38, -2*k + 4*r + 63 = 9. What is the remainder when k is divided by 6?
5
Let q(i) = i**2 - 6*i - 4. Calculate the remainder when q(9) is divided by 12.
11
Suppose 6*h - h = 260. Suppose 0 = u - 33 - h. What is the remainder when u is divided by 22?
19
What is the remainder when -4*2/44 - (-1854)/33 is divided by (-4)/6 + 59/3?
18
Suppose -3*x + 0*x + 411 = 0. Calculate the remainder when x is divided by 35.
32
Let n(x) = x**2 + 9*x - 3. What is the remainder when n(-13) is divided by 10?
9
Let q = 1 + 1. Let f = 6 + q. Let v = f - 3. What is the remainder when v is divided by 2?
1
Suppose 2*v = 2*j + 88, 0 = 5*v + 3*j - 6*j - 224. Calculate the remainder when v is divided by 25.
21
Let b be (2/(-6))/(2/6). What is the remainder when b*4/4*-23 is divided by 6?
5
Let j(s) = -3*s + 6. Calculate the remainder when j(-7) is divided by 15.
12
Suppose -30 + 85 = 5*s. Let z = -189 + 208. Calculate the remainder when z is divided by s.
8
Let r(a) = 10*a**2 + a - 1. Let u = 4 - -13. Calculate the remainder when u is divided by r(1).
7
Suppose -49 + 3532 = -4*k - 3*m, 873 = -k - 3*m. Let r(i) = -i**2 - 10*i. Calculate the remainder when r(-6) is divided by 2/(-11) + k/(-66).
11
Let s = 38 + -35. Calculate the remainder when s is divided by (0 - 1*-1) + 0.
0
Suppose -9*j + 3*j + 180 = 0. Calculate the remainder when 87 is divided by j.
27
Let v be 2/4 + 2/(-4). Suppose x = -v*x. Suppose x*m + 2*m = 24. Calculate the remainder when 33 is divided by m.
9
Let v(h) = 31*h**2 + h + 1. Suppose -5*r - 25 = 5*y + 10, 0 = 2*y - 4. Let u = 20 + r. Calculate the remainder when v(-1) is divided by u.
9
Let a = 13 + -10. Suppose -279 = -5*k - 2*q, 5*k + a*q - 5*q - 271 = 0. Let d(j) = 4*j**2 + 3*j - 3. Calculate the remainder when k is divided by d(2).
17
Suppose -73 = -4*u + 7. Suppose -5*w - 1 + 31 = 0. What is the remainder when u is divided by 14*(9/w + -1)?
6
Let l be 690/(-35) + 2/(-7). Let f = l - -37. What is the remainder when 49 is divided by f?
15
Suppose -5*z + 4*l + 4 = 0, -z - 5*l - 5 = -2*z. Suppose z*r + 15 = 3*r. Let c = 1 - -12. What is the remainder when c is divided by r?
3
Let u(j) = j**3 + 3*j**2 - 4*j + 2. Let i be u(-4). Suppose -3*q = -i - 31. Suppose 0 = -4*b + q - 3. What is the remainder when 2 is divided by b?
0
Let v be -2 - (3 - (1 - -4)). Suppose v = -3*j + 34 + 2. What is the remainder when 46 is divided by j?
10
Let g = 22 - 8. Suppose -y = -5*y - 3*p + 387, 0 = -5*y - 2*p + 475. Let z = y - 53. Calculate the remainder when z is divided by g.
12
Let f = 14 - -12. What is the remainder when f is divided by 14?
12
Let m = 2 + 0. Suppose -3*z = z - d - 5, 0 = z - m*d + 4. What is the remainder when (z - 0) + 15*2 is divided by 11?
10
Suppose 13 = r + c, 40 = 3*r + 3*c - c. Suppose -f = f + 5*a - r, -3*a + 7 = f. What is the remainder when f is divided by 5?
2
Suppose 2*h - 13 = 3*h. Let r(j) = -6*j - 13. Let v be r(h). Suppose -8*a + 280 = -3*a - o, 2*o + v = a. Calculate the remainder when a is divided by 19.
17
Let h(n) = 15*n - 21. What is the remainder when h(8) is divided by 20?
19
Suppose -13*o + 26 = -11*o. What is the remainder when 18 is divided by o?
5
Suppose 0 = -y + 5*y - 32. Let s = y - -8. What is the remainder when 61 is divided by s?
13
Calculate the remainder when 9 is divided by ((-12)/(-10))/(21/15 - 1).
0
Suppose 4*w = 6*w - 30. Calculate the remainder when w is divided by 4.
3
Let u be 7*(2 + 0 + 1). Suppose -4*n + 35 = -u. What is the remainder when 3*-2*82/(-12) is divided by n?
13
Calculate the remainder when (2/3 + 69/18)*14 is divided by 16.
15
Suppose 3*g - 3 = z - 3*z, -5*g = 5*z - 15. Let o be 63/(z/2)*1. Let d = o + -6. What is the remainder when d is divided by 8?
7
Suppose -3*n - n + 73 = 5*w, 0 = -3*w + 3. Suppose 0 = -0*a + a - l - 10, -5*a = 2*l - 43. Calculate the remainder when n is divided by a.
8
Let z(q) = 2*q - 2. Let u(l) = -l**3 + 7*l**2 - 5*l + 5. What is the remainder when u(6) is divided by z(3)?
3
Let v(a) = 23*a**2. Calculate the remainder when v(-1) is divided by 11.
1
Let c(n) = n**3 - 9*n**2 + 2*n - 2. What is the remainder when 45 is divided by c(9)?
13
Suppose 4*a = -2*y - 14, 0 = -5*a + y + y - 4. What is the remainder when a + 31 + 3 - -3 is divided by 9?
8
Suppose 2*g = 25 - 1. What is the remainder when g is divided by 6?
0
Let q(t) = 3*t**2 + 10*t - 6. Let o be q(-8). Calculate the remainder when 6/(-9) + o/6 is divided by (-18)/(-3) + 0/(-1).
5
Let n(a) = a**3 - a**2 - a + 1. Let g(r) = -3 - r + 4*r - r + 0. What is the remainder when n(3) is divided by g(6)?
7
Let a(r) = 7*r - 9. Calculate the remainder when 56 is divided by a(4).
18
Suppose 0 = 6*l - 8*l + 124. What is the remainder when l is divided by 17?
11
Let s = -49 + 66. What is the remainder when 47 is divided by s?
13
Let l(b) = b**2 - 15. What is the remainder when 134 is divided by l(-7)?
32
Let c(r) = 8*r**2 - 3*r - 2. Let q(w) = w**2 + 5*w + 2. Let z be q(-4). Let x be c(z). Suppose t + x = 5*t. Calculate the remainder when 33 is divided by t.
6
What is the remainder when 230 is divided by 4/(-8)*-68 + -1?
32
Let t(u) = -u**2 + 9*u - 3. Let w be t(6). Let x(p) = -18*p**3 - p**2 - 2*p - 1. Calculate the remainder when x(-1) is divided by 1/(3/2)*w.
8
Let t = -102 - -122. Calculate the remainder when t is divided by 10.
0
Let c(j) = -j**2 + 11*j - 3. What is the remainder when 12 is divided by c(10)?
5
Let n = -17 + 20. What is the remainder when 9 is divided by n?
0
Let j = 121 - 86. Suppose l + 4*l - j = -5*w, -w = -l + 13. Calculate the remainder when 39 is divided by l.
9
Let t = 34 + -23. What is the remainder when t is divided by 2?
1
Suppose 0 = j + 4*u + 31, 3*j - 6*u + 25 = -u. Suppose 3*t - 4*t + 10 = 0. What is the remainder when t is divided by ((-10)/j)/(3/18)?
2
Let w be (12/2)/((-4)/(-10)). Suppose 2*m - 22 = -4*y, 4*m + m = w. What is the remainder when 6*-1*(-1 - 0) is divided by y?
2
Suppose -c = -2*h - 7, -5*c - 2*h + h + 57 = 0. Calculate the remainder when 41 is divided by c.
8
Let m(h) = -h**3 - 6*h**2 - 4*h - 13. Let i be m(-6). What is the remainder when (1 - 2)/(i/(-847)) is divided by 20?
17
Let a(x) = -x**3 + 12*x**2 - 10*x - 3. Let w be a(11). Calculate the remainder when 11 + w/(4/(-1)) is divided by 6.
3
Let c = 26 + 101. What is the remainder when c is divided by 32?
31
Let j(m) = -13*m + 5. Suppose 0*h - 3*h = 5*q - 40, 0 = h + 5*q - 20. What is the remainder when j(-1) is divided by h?
8
Suppose 0 = -2*a, 4*a - 11 = -4*o + 25. What is the remainder when o is divided by 3?
0
Let b = 37 - 52. Let a = 19 + b. What is the remainder when a is divided by 1?
0
Suppose -366 = -5*t + q - 2*q, -4*t + 280 = 4*q. Let g = t + -26. Suppose 5*v - 67 = g. What is the remainder when v is divided by 12?
11
Let i(o) = -o**3 + 7 - 8*o**2 + 0 + 0*o**3 - 7*o. Calculate the remainder when 26 is divided by i(-7).
5
Let z(d) = -10*d - 1. Let v(w) = -w. Let y(b) = 21*v(b) - 3*z(b). Calculate the remainder when 89 is divided by y(3).
29
Suppose b - 2*j = 82, 5*b = 6*j - 2*j + 422. Let l = b + -54. What is the remainder when l is divided by 11?
10
Let h be 8*(22/8 + -2). Suppose 21 = q - m + h*m, 0 = 2*q - 4*m - 28. What is the remainder when 47 is divided by q?
15
Let q = -90 + 62. Let c = q - -45. Calculate the remainder when 32 is divided by c.
15
Let g = -70 - -96. What is the remainder when g is divided by 14?
12
Let m(i) = i**2 + 4*i - 6. Suppose -2*f = -f + 6. What is the remainder when 16 is divided by m(f)?
4
Let l = -31 + 44. What is the remainder when l is divided by 5?
3
Let l = 29 - 17. Let s = l + -7. Let o(p) = -p**3 - 6*p**2 + 4. What is the remainder when s is divided by o(-6)?
1
Let x(b) = 2*b - 4. Let d be x(4). Calculate the remainder when 63/2 - d/8 is divided by 11.
9
Suppose 65 = 8*j - 3*j. Calculate the remainder when 50 is divided by j.
11
Suppose 19 = -0*y + y. Let l = -103 - 5. Let m = l - -164. What is the remainder when m is divided by y?
18
Let h be (-10)/(5/(60/8)). Suppose -52 = -2*c - w - 3*w, w = -2*c + 64. Let j = c + h. What is the remainder when j is divided by 10?
9
Suppose -48 = -4*s - 3*z, -5*s = 4*z - 56 - 3. Calculate the remainder when s is divided by ((-15)/6)/(10/(-24)).
3
Suppose -21*z = -2